{"id":3497,"date":"2018-12-04T13:44:32","date_gmt":"2018-12-04T12:44:32","guid":{"rendered":"http:\/\/www.situma.es\/?page_id=3497"},"modified":"2018-12-04T13:44:32","modified_gmt":"2018-12-04T12:44:32","slug":"si-a-nuestros-derechos-laborales","status":"publish","type":"page","link":"https:\/\/www.situma.es\/?page_id=3497","title":{"rendered":"S\u00ed a nuestros derechos laborales"},"content":{"rendered":"<ul>\n<li style=\"text-align: justify;\"><strong>Negociar un Anexo con los perfiles de cada puesto de trabajo,<\/strong> las funciones que recoge el convenio colectivo vigente se establecen de modo muy gen\u00e9rico para cada categor\u00eda profesional, lo que en muchos casos es insuficiente, por tratarse de puestos de trabajo muy diferentes en cuanto a sus funciones y tareas espec\u00edficas, generando problemas a la hora de desarrollar los correspondientes concursos de traslado y promoci\u00f3n interna. De igual modo, se hace necesario definir los perfiles de cada puesto, incluso dentro de un mismo Servicio, cuando sean tan generales como Titulado Superior, Titulado de Grado Medio o T\u00e9cnico Especialista, sin mayor indicaci\u00f3n del contenido y responsabilidad del trabajo a realizar.<\/li>\n<li style=\"text-align: justify;\"><strong>Recuperar el destino en los puestos de trabajo de la RPT<\/strong> de grandes servicios que tienen a su personal dispersado por los diferentes edificios de toda la UMA: <strong>Servicio de Apoyo Tecnol\u00f3gico a la Docencia, Servicio de Construcci\u00f3n y Conservaci\u00f3n, etc.<\/strong><\/li>\n<li style=\"text-align: justify;\"><strong>Recueperar la jubilaci\u00f3n voluntaria<\/strong> a partir de los sesenta a\u00f1os.<\/li>\n<li style=\"text-align: justify;\">Ya logramos extender el <strong>derecho a formaci\u00f3n al cap\u00edtulo VI<\/strong> y no pararemos hasta lograr extender tambien la <strong>acci\u00f3n social no autom\u00e1tica al cap\u00edtulo VI<\/strong>.<\/li>\n<li style=\"text-align: justify;\">No queremos que existan colectivos excluidos de <strong>derechos<\/strong>, como sucede con el <strong>cap\u00edtulo VI<\/strong>.<\/li>\n<li style=\"text-align: justify;\">Impedir <strong>privatizaciones no<\/strong> suficientemente <strong>justificadas<\/strong>, que solo malgastan el dinero p\u00fablico.<\/li>\n<li>Integrar a todos los trabajadores en un <strong>Estatuto Laboral<\/strong> que les proteja.<\/li>\n<\/ul>\n<p><a href=\"https:\/\/www.situma.es\/wp-content\/uploads\/2014\/12\/situmaLaboral.jpg\"><img decoding=\"async\" loading=\"lazy\" alt=\"situmaLaboral\" src=\"https:\/\/www.situma.es\/wp-content\/uploads\/2014\/12\/situmaLaboral.jpg\" width=\"453\" height=\"640\" \/><\/a><\/p>\n<p><script type=\"text\/javascript\">\/\/ <![CDATA[\n(function(i,s,o,g,r,a,m){i['GoogleAnalyticsObject']=r;i[r]=i[r]||function(){   (i[r].q=i[r].q||[]).push(arguments)},i[r].l=1*new Date();a=s.createElement(o),   m=s.getElementsByTagName(o)[0];a.async=1;a.src=g;m.parentNode.insertBefore(a,m)   })(window,document,'script','https:\/\/www.google-analytics.com\/analytics.js','ga');   ga('create', 'UA-57264711-1', 'auto');   ga('send', 'pageview');\n\/\/ ]]><\/script><\/p>\n","protected":false},"excerpt":{"rendered":"<p>Negociar un Anexo con los perfiles de cada puesto de trabajo, las funciones que recoge el convenio colectivo vigente se establecen de modo muy<\/p>\n","protected":false},"author":2,"featured_media":0,"parent":3493,"menu_order":1,"comment_status":"open","ping_status":"closed","template":"","meta":[],"jetpack_sharing_enabled":true,"jetpack_likes_enabled":true,"_links":{"self":[{"href":"https:\/\/www.situma.es\/index.php?rest_route=\/wp\/v2\/pages\/3497"}],"collection":[{"href":"https:\/\/www.situma.es\/index.php?rest_route=\/wp\/v2\/pages"}],"about":[{"href":"https:\/\/www.situma.es\/index.php?rest_route=\/wp\/v2\/types\/page"}],"author":[{"embeddable":true,"href":"https:\/\/www.situma.es\/index.php?rest_route=\/wp\/v2\/users\/2"}],"replies":[{"embeddable":true,"href":"https:\/\/www.situma.es\/index.php?rest_route=%2Fwp%2Fv2%2Fcomments&post=3497"}],"version-history":[{"count":0,"href":"https:\/\/www.situma.es\/index.php?rest_route=\/wp\/v2\/pages\/3497\/revisions"}],"up":[{"embeddable":true,"href":"https:\/\/www.situma.es\/index.php?rest_route=\/wp\/v2\/pages\/3493"}],"wp:attachment":[{"href":"https:\/\/www.situma.es\/index.php?rest_route=%2Fwp%2Fv2%2Fmedia&parent=3497"}],"curies":[{"name":"wp","href":"https:\/\/api.w.org\/{rel}","templated":true}]}}