{"id":3751,"date":"2019-10-15T10:19:03","date_gmt":"2019-10-15T09:19:03","guid":{"rendered":"http:\/\/www.situma.es\/?page_id=3751"},"modified":"2024-01-10T14:42:17","modified_gmt":"2024-01-10T13:42:17","slug":"candidaturasituma","status":"publish","type":"page","link":"https:\/\/www.situma.es\/?page_id=3751","title":{"rendered":"#candidaturaSITUMA"},"content":{"rendered":"<p style=\"text-align: justify;\">Desde SITUMA queremos presentarte nuestra lista para el Comit\u00e9 de Empresa del PDI Laboral, compuesta por compa\u00f1eras y compa\u00f1eros investigadores y docentes de diferentes colectivos de departamentos, centros y grupos de investigaci\u00f3n. Nos presentamos con <strong>ilusi\u00f3n y muchas ganas de trabajar<\/strong>, contigo y para ti, para llevar a cabo un cambio a este \u00f3rgano de representaci\u00f3n.<\/p>\n<p style=\"text-align: justify;\">Somos 32, pero <strong>continuamos sumando<\/strong> compa\u00f1eras y compa\u00f1eros de camino. Puedes sumarte a nuestro grupo de trabajo escribiendo a <a href=\"mailto:situma@uma.es?subject=#situmaPdi\" target=\"_blank\" rel=\"noopener\">situma@uma.es<\/a>.<\/p>\n<p style=\"text-align: justify;\">Nuestra lista a las elecciones del Comit\u00e9 de Empresa del PDI Laboral 2024 est\u00e1 formada por:<\/p>\n<table border=\"0\" cellspacing=\"0\" cellpadding=\"2\">\n<tbody>\n<tr bgcolor=\"#778899\">\n<th width=\"64\">N\u00ba orden<\/th>\n<th colspan=\"2\">Nombre<\/th>\n<\/tr>\n<tr>\n<td width=\"64\">1<\/td>\n<td>Agust\u00edn Wallace Ruiz<\/td>\n<\/tr>\n<tr bgcolor=\"#E6E6FA\">\n<td width=\"64\">2<\/td>\n<td>Francisco As\u00eds Salazar Pic\u00f3<\/td>\n<\/tr>\n<tr>\n<td width=\"64\">3<\/td>\n<td>Eugenia Fern\u00e1ndez Mart\u00edn<\/td>\n<\/tr>\n<tr bgcolor=\"#E6E6FA\">\n<td width=\"64\">4<\/td>\n<td>Enrique Navarrete de G\u00e1lvez<\/td>\n<\/tr>\n<tr>\n<td width=\"64\">5<\/td>\n<td>Mar\u00eda Dolores Joyanes D\u00edaz<\/td>\n<\/tr>\n<tr bgcolor=\"#E6E6FA\">\n<td width=\"64\">6<\/td>\n<td>Rodolfo Mat\u00edas Ortiz Flores<\/td>\n<\/tr>\n<tr>\n<td width=\"64\">7<\/td>\n<td>Daniel Becerra Fern\u00e1ndez<\/td>\n<\/tr>\n<tr bgcolor=\"#E6E6FA\">\n<td width=\"64\">8<\/td>\n<td>Ana Mar\u00eda Ortega Prieto<\/td>\n<\/tr>\n<tr>\n<td width=\"64\">9<\/td>\n<td>Gema Teresa Ruiz P\u00e1rraga<\/td>\n<\/tr>\n<tr bgcolor=\"#E6E6FA\">\n<td width=\"64\">10<\/td>\n<td>Antonio Jes\u00fas Ruiz S\u00e1nchez<\/td>\n<\/tr>\n<tr>\n<td width=\"64\">11<\/td>\n<td>Rosario Mercedes P\u00e9rez Colodrero<\/td>\n<\/tr>\n<tr bgcolor=\"#E6E6FA\">\n<td width=\"64\">12<\/td>\n<td>Jos\u00e9 Francisco Vel\u00e1zquez Navarro<\/td>\n<\/tr>\n<tr>\n<td width=\"64\">13<\/td>\n<td>Silvia Lisbeth Segura \u00c1lvarez<\/td>\n<\/tr>\n<tr bgcolor=\"#E6E6FA\">\n<td width=\"64\">14<\/td>\n<td>Ricardo V\u00e1zquez Mart\u00edn<\/td>\n<\/tr>\n<tr>\n<td width=\"64\">15<\/td>\n<td>Elena Fern\u00e1ndez D\u00edaz<\/td>\n<\/tr>\n<tr bgcolor=\"#E6E6FA\">\n<td width=\"64\">16<\/td>\n<td>Rosa Mar\u00eda Anaya Aguilar<\/td>\n<\/tr>\n<tr>\n<td width=\"64\">17<\/td>\n<td>Herminia Aznarte Moya<\/td>\n<\/tr>\n<tr bgcolor=\"#E6E6FA\">\n<td width=\"64\">18<\/td>\n<td>Jos\u00e9 Mar\u00eda Caram\u00e9s Tejedor<\/td>\n<\/tr>\n<tr>\n<td width=\"64\">19<\/td>\n<td>M\u00aa Inmaculada Pastor Garc\u00eda<\/td>\n<\/tr>\n<tr bgcolor=\"#E6E6FA\">\n<td width=\"64\">20<\/td>\n<td>M\u00aa Isabel Olmo S\u00e1nchez<\/td>\n<\/tr>\n<tr>\n<td width=\"64\">21<\/td>\n<td>Javier Ser\u00f3n Barba<\/td>\n<\/tr>\n<tr bgcolor=\"#E6E6FA\">\n<td width=\"64\">22<\/td>\n<td>Marina Mel\u00e9ndez-Vald\u00e9s Navas<\/td>\n<\/tr>\n<tr>\n<td width=\"64\">23<\/td>\n<td>Miguel \u00c1ngel Infantes Rosales<\/td>\n<\/tr>\n<tr bgcolor=\"#E6E6FA\">\n<td width=\"64\">24<\/td>\n<td>M\u00aa Carmen Rey Merch\u00e1n<\/td>\n<\/tr>\n<tr>\n<td width=\"64\">25<\/td>\n<td>Marino Castillo Cabezas<\/td>\n<\/tr>\n<tr bgcolor=\"#E6E6FA\">\n<td width=\"64\">26<\/td>\n<td>Javier Rivero Rodr\u00edguez<\/td>\n<\/tr>\n<tr>\n<td width=\"64\">27<\/td>\n<td>Noelia Marzal Pe\u00f1a<\/td>\n<\/tr>\n<tr bgcolor=\"#E6E6FA\">\n<td width=\"64\">28<\/td>\n<td>Carmen Anaya Aguilar<\/td>\n<\/tr>\n<tr>\n<td width=\"64\">29<\/td>\n<td>Antonia Mar\u00eda Lima Rodr\u00edguez<\/td>\n<\/tr>\n<tr bgcolor=\"#E6E6FA\">\n<td width=\"64\">30<\/td>\n<td>Irene Bautista Bernal<\/td>\n<\/tr>\n<tr>\n<td width=\"64\">31<\/td>\n<td>Silvana Teresa Tapia Paniagua<\/td>\n<\/tr>\n<tr bgcolor=\"#E6E6FA\">\n<td width=\"64\">32<\/td>\n<td>Luis Manuel Rodr\u00edguez P\u00e9rez<\/td>\n<\/tr>\n<\/tbody>\n<\/table>\n","protected":false},"excerpt":{"rendered":"<p>Desde SITUMA queremos presentarte nuestra lista para el Comit\u00e9 de Empresa del PDI Laboral, compuesta por compa\u00f1eras y compa\u00f1eros investigadores y docentes de diferentes<\/p>\n","protected":false},"author":2,"featured_media":0,"parent":3748,"menu_order":0,"comment_status":"open","ping_status":"closed","template":"","meta":[],"jetpack_sharing_enabled":true,"jetpack_likes_enabled":true,"_links":{"self":[{"href":"https:\/\/www.situma.es\/index.php?rest_route=\/wp\/v2\/pages\/3751"}],"collection":[{"href":"https:\/\/www.situma.es\/index.php?rest_route=\/wp\/v2\/pages"}],"about":[{"href":"https:\/\/www.situma.es\/index.php?rest_route=\/wp\/v2\/types\/page"}],"author":[{"embeddable":true,"href":"https:\/\/www.situma.es\/index.php?rest_route=\/wp\/v2\/users\/2"}],"replies":[{"embeddable":true,"href":"https:\/\/www.situma.es\/index.php?rest_route=%2Fwp%2Fv2%2Fcomments&post=3751"}],"version-history":[{"count":1,"href":"https:\/\/www.situma.es\/index.php?rest_route=\/wp\/v2\/pages\/3751\/revisions"}],"predecessor-version":[{"id":6893,"href":"https:\/\/www.situma.es\/index.php?rest_route=\/wp\/v2\/pages\/3751\/revisions\/6893"}],"up":[{"embeddable":true,"href":"https:\/\/www.situma.es\/index.php?rest_route=\/wp\/v2\/pages\/3748"}],"wp:attachment":[{"href":"https:\/\/www.situma.es\/index.php?rest_route=%2Fwp%2Fv2%2Fmedia&parent=3751"}],"curies":[{"name":"wp","href":"https:\/\/api.w.org\/{rel}","templated":true}]}}