{"id":3757,"date":"2019-10-15T10:22:25","date_gmt":"2019-10-15T09:22:25","guid":{"rendered":"http:\/\/www.situma.es\/?page_id=3757"},"modified":"2019-10-15T10:22:25","modified_gmt":"2019-10-15T09:22:25","slug":"preguntassituma","status":"publish","type":"page","link":"https:\/\/www.situma.es\/?page_id=3757","title":{"rendered":"#preguntasSITUMA"},"content":{"rendered":"<ul>\n<li style=\"text-align: justify;\"><a href=\"https:\/\/www.situma.es\/wp-content\/uploads\/2017\/05\/preguntas-frecuentes-260x300-1.png\"><img decoding=\"async\" loading=\"lazy\" class=\"alignright  wp-image-2900\" alt=\"preguntas-frecuentes-260x300\" src=\"https:\/\/www.situma.es\/wp-content\/uploads\/2017\/05\/preguntas-frecuentes-260x300-1.png\" width=\"156\" height=\"180\" \/><\/a>\u00bfSabes que los sindicatos <strong>estamos para ayudarte<\/strong> a solventar tus problemas?<\/li>\n<li style=\"text-align: justify;\">\u00bfTe <strong>sientes representado<\/strong> por los sindicatos tradicionales? \u00bfEst\u00e1n resolviendo tus problem\u00e1ticas del d\u00eda a d\u00eda?<\/li>\n<li style=\"text-align: justify;\">\u00bfSe ponen en contacto contigo <strong>s\u00f3lo en periodos electorales<\/strong>?<\/li>\n<li style=\"text-align: justify;\">\u00bfTienes la sensaci\u00f3n de <strong>no saber lo que negocian<\/strong> realmente con la Universidad?<\/li>\n<li style=\"text-align: justify;\">\u00bf<strong>Te piden opini\u00f3n<\/strong> para su acci\u00f3n sindical, o acaso tienes que pagar una cuota de afiliaci\u00f3n para enterarte de algo?<\/li>\n<li style=\"text-align: justify;\">\u00bf<strong>Ni<\/strong> siquiera <strong>abres ya los correos<\/strong> sindicales que te env\u00edan?<\/li>\n<\/ul>\n<h3>Estos son los planteamientos que te alinean con SITUMA.<\/h3>\n<h3>\u00danete a nosotros y VOTA SITUMA.<\/h3>\n<p style=\"text-align: justify;\">Comparte con nosotros las preguntas que te haces a trav\u00e9s de <a href=\"mailto:situma@uma.es?subject=#situmaPdi\" target=\"_blank\" rel=\"noopener\">situma@uma.es<\/a>.<br \/>\n<a style=\"text-align: justify;\" href=\"https:\/\/www.situma.es\/wp-content\/uploads\/2017\/05\/jpdi2017_31.jpg\"><img decoding=\"async\" loading=\"lazy\" class=\"alignright size-full wp-image-2890\" alt=\"jpdi2017_31\" src=\"https:\/\/www.situma.es\/wp-content\/uploads\/2017\/05\/jpdi2017_31.jpg\" width=\"2808\" height=\"627\" \/><\/a><\/p>\n<p><script type=\"text\/javascript\">\/\/ <![CDATA[\n(function(i,s,o,g,r,a,m){i['GoogleAnalyticsObject']=r;i[r]=i[r]||function(){   (i[r].q=i[r].q||[]).push(arguments)},i[r].l=1*new Date();a=s.createElement(o),   m=s.getElementsByTagName(o)[0];a.async=1;a.src=g;m.parentNode.insertBefore(a,m)   })(window,document,'script','https:\/\/www.google-analytics.com\/analytics.js','ga');   ga('create', 'UA-57264711-1', 'auto');   ga('send', 'pageview');\n\/\/ ]]><\/script><\/p>\n","protected":false},"excerpt":{"rendered":"<p>\u00bfSabes que los sindicatos estamos para ayudarte a solventar tus problemas? \u00bfTe sientes representado por los sindicatos tradicionales? \u00bfEst\u00e1n resolviendo tus problem\u00e1ticas del d\u00eda<\/p>\n","protected":false},"author":2,"featured_media":0,"parent":3748,"menu_order":0,"comment_status":"open","ping_status":"closed","template":"","meta":[],"jetpack_sharing_enabled":true,"jetpack_likes_enabled":true,"_links":{"self":[{"href":"https:\/\/www.situma.es\/index.php?rest_route=\/wp\/v2\/pages\/3757"}],"collection":[{"href":"https:\/\/www.situma.es\/index.php?rest_route=\/wp\/v2\/pages"}],"about":[{"href":"https:\/\/www.situma.es\/index.php?rest_route=\/wp\/v2\/types\/page"}],"author":[{"embeddable":true,"href":"https:\/\/www.situma.es\/index.php?rest_route=\/wp\/v2\/users\/2"}],"replies":[{"embeddable":true,"href":"https:\/\/www.situma.es\/index.php?rest_route=%2Fwp%2Fv2%2Fcomments&post=3757"}],"version-history":[{"count":0,"href":"https:\/\/www.situma.es\/index.php?rest_route=\/wp\/v2\/pages\/3757\/revisions"}],"up":[{"embeddable":true,"href":"https:\/\/www.situma.es\/index.php?rest_route=\/wp\/v2\/pages\/3748"}],"wp:attachment":[{"href":"https:\/\/www.situma.es\/index.php?rest_route=%2Fwp%2Fv2%2Fmedia&parent=3757"}],"curies":[{"name":"wp","href":"https:\/\/api.w.org\/{rel}","templated":true}]}}