{"id":6435,"date":"2023-06-27T12:52:21","date_gmt":"2023-06-27T11:52:21","guid":{"rendered":"https:\/\/www.situma.es\/?page_id=6435"},"modified":"2023-06-27T13:42:44","modified_gmt":"2023-06-27T12:42:44","slug":"candidaturasituma-ptgaslaboral","status":"publish","type":"page","link":"https:\/\/www.situma.es\/?page_id=6435","title":{"rendered":"#candidatura #PTGASLaboral"},"content":{"rendered":"\n<figure class=\"wp-block-image size-large\"><a href=\"https:\/\/www.situma.es\/wp-content\/uploads\/2023\/06\/equipo_SITUMA.jpg\"><img decoding=\"async\" loading=\"lazy\" width=\"1024\" height=\"450\" src=\"https:\/\/www.situma.es\/wp-content\/uploads\/2023\/06\/equipo_SITUMA-1024x450.jpg\" alt=\"\" class=\"wp-image-6494\" srcset=\"https:\/\/www.situma.es\/wp-content\/uploads\/2023\/06\/equipo_SITUMA-1024x450.jpg 1024w, https:\/\/www.situma.es\/wp-content\/uploads\/2023\/06\/equipo_SITUMA-300x132.jpg 300w, https:\/\/www.situma.es\/wp-content\/uploads\/2023\/06\/equipo_SITUMA-768x337.jpg 768w, https:\/\/www.situma.es\/wp-content\/uploads\/2023\/06\/equipo_SITUMA.jpg 1070w\" sizes=\"(max-width: 1024px) 100vw, 1024px\" \/><\/a><\/figure>\n\n\n\n<p>Desde SITUMA queremos presentarte nuestra lista para el Comit\u00e9 de Empresa del PTGAS Laboral, compuesta por compa\u00f1eras y compa\u00f1eros de personal t\u00e9cnico, de gesti\u00f3n y de administraci\u00f3n y servicios de departamentos, centros y grupos de investigaci\u00f3n.<\/p>\n\n\n\n<p>Nos presentamos con ilusi\u00f3n y muchas ganas de trabajar, contigo y para ti, para llevar a cabo un cambio a este \u00f3rgano de representaci\u00f3n.<\/p>\n\n\n\n<p>Somos 66, pero continuamos sumando compa\u00f1eras y compa\u00f1eros de camino. Puedes sumarte a nuestro grupo de trabajo escribiendo a <a href=\"mailto:situma@uma.es\" target=\"_blank\" rel=\"noreferrer noopener\">situma@uma.es<\/a>.<\/p>\n\n\n\n<p>Nuestras listas a las elecciones del Comit\u00e9 de Empresa del PTGAS Laboral 2023 para el <strong>Colegio 1<\/strong> y <strong>Colegio 2<\/strong> est\u00e1n formadas por:<\/p>\n\n\n\n<h3>Candidatura del Colegio 1<\/h3>\n\n\n\n<div class=\"is-layout-constrained wp-block-group\"><div class=\"wp-block-group__inner-container\">\n<div class=\"is-layout-constrained wp-block-group\"><div class=\"wp-block-group__inner-container\">\n<figure class=\"wp-block-table is-style-stripes\" style=\"text-transform:uppercase\"><table class=\"has-black-color has-text-color has-background\" style=\"background-color:#e6e6fa\"><thead><tr><th>N\u00ba orden<\/th><th>Nombre y Apellidos<\/th><th class=\"has-text-align-left\" data-align=\"left\">Servicio\/Unidad<\/th><\/tr><\/thead><tbody><tr><td>1<\/td><td>Jos\u00e9 Manuel Ruiz Salazar<\/td><td class=\"has-text-align-left\" data-align=\"left\">Deporte Universitario<\/td><\/tr><tr><td>2<\/td><td>Pedro Doblas Nieto<\/td><td class=\"has-text-align-left\" data-align=\"left\">Apoyo TEcnol\u00f3gico a la Docencia<\/td><\/tr><tr><td>3<\/td><td>Ana Isabel Urquiza Garc\u00eda<\/td><td class=\"has-text-align-left\" data-align=\"left\">Laboratorios de Departamentos<\/td><\/tr><tr><td>4<\/td><td>Jos\u00e9 Rioja Villodres<\/td><td class=\"has-text-align-left\" data-align=\"left\">Infraestructura Cient\u00edfica<\/td><\/tr><tr><td>5<\/td><td>Margarita Delgado Corredera<\/td><td class=\"has-text-align-left\" data-align=\"left\">Relaciones Internacionales<\/td><\/tr><tr><td>6<\/td><td>Bel\u00e9n G\u00f3mez Garc\u00eda<\/td><td class=\"has-text-align-left\" data-align=\"left\">Proyecci\u00f3n Universitaria a Empresa y Territorio<\/td><\/tr><tr><td>7<\/td><td>Manuel Guerrero Claro<\/td><td class=\"has-text-align-left\" data-align=\"left\">Infraestructura Cient\u00edfica<\/td><\/tr><tr><td>8<\/td><td>Laura Le\u00f3n Reina<\/td><td class=\"has-text-align-left\" data-align=\"left\">Investigaci\u00f3n<\/td><\/tr><tr><td>9<\/td><td>Beatriz G\u00f3mez L\u00f3pez<\/td><td class=\"has-text-align-left\" data-align=\"left\">Orientaci\u00f3n y Atenci\u00f3n al Estudiante<\/td><\/tr><tr><td>10<\/td><td>Francisca Mart\u00edn Vergara<\/td><td class=\"has-text-align-left\" data-align=\"left\">Sistemas Inform\u00e1ticos<\/td><\/tr><tr><td>11<\/td><td>Manuel Mar\u00eda Ladoux Arroyo<\/td><td class=\"has-text-align-left\" data-align=\"left\">Acci\u00f3n Social<\/td><\/tr><tr><td>12<\/td><td>Gema Reca Osuna<\/td><td class=\"has-text-align-left\" data-align=\"left\">Orientaci\u00f3n y Atenci\u00f3n al Estudiante<\/td><\/tr><tr><td>13<\/td><td>Pablo Sep\u00falveda Blazquez<\/td><td class=\"has-text-align-left\" data-align=\"left\">Construcci\u00f3n y Conservaci\u00f3n<\/td><\/tr><tr><td>14<\/td><td>Marta Mart\u00ednez-Gil V\u00e1zquez<\/td><td class=\"has-text-align-left\" data-align=\"left\">Investigaci\u00f3n<\/td><\/tr><tr><td>15<\/td><td>Rub\u00e9n Porras Ortigosa<\/td><td class=\"has-text-align-left\" data-align=\"left\">Investigaci\u00f3n<\/td><\/tr><tr><td>16<\/td><td>Roc\u00edo Mora Garc\u00eda<\/td><td class=\"has-text-align-left\" data-align=\"left\">Construcci\u00f3n y Conservaci\u00f3n<\/td><\/tr><tr><td>17<\/td><td>Estefan\u00eda Quintero Martos<\/td><td class=\"has-text-align-left\" data-align=\"left\">Apoyo a la Investigaci\u00f3n<\/td><\/tr><tr><td>18<\/td><td>Jos\u00e9 Antonio Soria Barrera<\/td><td class=\"has-text-align-left\" data-align=\"left\">Comunicaciones<\/td><\/tr><tr><td>19<\/td><td>Mar\u00eda Victoria Pend\u00f3n Gil<\/td><td class=\"has-text-align-left\" data-align=\"left\">Orientaci\u00f3n y Atenci\u00f3n al Estudiante<\/td><\/tr><\/tbody><\/table><\/figure>\n<\/div><\/div>\n<\/div><\/div>\n\n\n\n<h3>Candidatura del Colegio 2<\/h3>\n\n\n\n\n\n<div class=\"is-layout-constrained wp-block-group\"><div class=\"wp-block-group__inner-container\">\n<div class=\"is-layout-constrained wp-block-group\"><div class=\"wp-block-group__inner-container\">\n<figure class=\"wp-block-table is-style-stripes\" style=\"text-transform:uppercase\"><table class=\"has-background\" style=\"background-color:#e6e6fa\"><thead><tr><th>N\u00ba orden<\/th><th>Nombre y Apellidos<\/th><th>Servicio\/Unidad<\/th><\/tr><\/thead><tbody><tr><td>1<\/td><td>Mar\u00eda Isabel Ag\u00fcera Robles<\/td><td>Informaci\u00f3n, Conserjer\u00eda y Atenci\u00f3n al Usuario<\/td><\/tr><tr><td>2<\/td><td>Jos\u00e9 Manuel Mart\u00ednez Moreno<\/td><td>Laboratorios de Departamentos<\/td><\/tr><tr><td>3<\/td><td>Isabel Fernandez Subires<\/td><td>Empleabilidad y Emprendimiento<\/td><\/tr><tr><td>4<\/td><td>Vanesa de Luque Iba\u00f1ez<\/td><td>Laboratorios de Departamentos<\/td><\/tr><tr><td>5<\/td><td>Youness El Hasnaoui Chemrkhi<\/td><td>Comunicaciones <\/td><\/tr><tr><td>6<\/td><td>Carmen Ramos P\u00e9rez<\/td><td>Relaciones Internacionales<\/td><\/tr><tr><td>7<\/td><td>Juan Carlos Fernandez Vega<\/td><td>Apoyo Tecnol\u00f3gico a la Docencia<\/td><\/tr><tr><td>8<\/td><td>Mar\u00eda del Mar G\u00f3mez Alc\u00e1ntara<\/td><td>Oficina de Transferencia de Resultados de la Investigaci\u00f3n<\/td><\/tr><tr><td>9<\/td><td>Francisco Calvo Jim\u00e9nez<\/td><td>Laboratorios de Departamentos<\/td><\/tr><tr><td>10<\/td><td>Monserrat Navas Robles<\/td><td>Informaci\u00f3n, Conserjer\u00eda y Atenci\u00f3n al Usuario<\/td><\/tr><tr><td>11<\/td><td>Angel Gomez Bravo de Mansilla<\/td><td>Empleabilidad y Emprendimiento<\/td><\/tr><tr><td>12<\/td><td>Roc\u00edo Bautista Moreno<\/td><td>Infraestructura Cient\u00edfica<\/td><\/tr><tr><td>13<\/td><td>Nicol\u00e1s Jos\u00e9 Gonz\u00e1lez Rom\u00e1n<\/td><td>Prevenci\u00f3n de Riesgos Laborales<\/td><\/tr><tr><td>14<\/td><td>Ana Arango D\u00edaz<\/td><td>Apoyo a la Investigaci\u00f3n<\/td><\/tr><tr><td>15<\/td><td>Andr\u00e9s Gonz\u00e1lez Trece\u00f1o<\/td><td>Construcci\u00f3n y Conservaci\u00f3n<\/td><\/tr><tr><td>16<\/td><td>Ana Mar\u00eda Suarez Rodr\u00edguez<\/td><td>Deporte Universitario<\/td><\/tr><tr><td>17<\/td><td>Rafael Platero Ortega<\/td><td>Laboratorios de Departamentos<\/td><\/tr><tr><td>18<\/td><td>Lourdes Salcedo Alvarez de Perea<\/td><td>Apoyo a la Investigaci\u00f3n<\/td><\/tr><tr><td>19<\/td><td>Francisco Calder\u00f3n Pe\u00f1alver<\/td><td>Construcci\u00f3n y Conservaci\u00f3n<\/td><\/tr><tr><td>20<\/td><td>Mar\u00eda Mart\u00edn Gonz\u00e1lez<\/td><td>Construcci\u00f3n y Conservaci\u00f3n<\/td><\/tr><tr><td>21<\/td><td>Sergio Pinazo Ortega<\/td><td>Laboratorios de Departamentos<\/td><\/tr><tr><td>22<\/td><td>Sonia Doblas Navarro<\/td><td>Empleabilidad y Emprendimiento<\/td><\/tr><tr><td>23<\/td><td>M\u00e1ximo Luis Romero Gutierrez<\/td><td>Construcci\u00f3n y Conservaci\u00f3n<\/td><\/tr><tr><td>24<\/td><td>Laura Cristina Figueroa Ortiz<\/td><td>Infraestructura Cient\u00edfica<\/td><\/tr><tr><td>25<\/td><td>Juan Baez de Aguilar Barcala<\/td><td>Apoyo Tecnol\u00f3gico a la Docencia<\/td><\/tr><tr><td>26<\/td><td>Antonia Jes\u00fas Bandera Bandera<\/td><td>Becas<\/td><\/tr><tr><td>27<\/td><td>Oscar Pinazo Li\u00f1\u00e1n<\/td><td>Construcci\u00f3n y Conservaci\u00f3n<\/td><\/tr><tr><td>28<\/td><td>Cristina S\u00e1nchez Rold\u00e1n<\/td><td>Infraestructura Cient\u00edfica<\/td><\/tr><tr><td>29<\/td><td>Ram\u00f3n Gonz\u00e1lez Mart\u00edn<\/td><td>Construcci\u00f3n y Conservaci\u00f3n<\/td><\/tr><tr><td>30<\/td><td>Mar\u00eda Jos\u00e9 Macias Bermejo<\/td><td>Laboratorios de Centro<\/td><\/tr><tr><td>31<\/td><td>Jos\u00e9 Carlos Ruiz D\u00edaz<\/td><td>Empleabilidad y Emprendimiento<\/td><\/tr><tr><td>32<\/td><td>Yamina Seamari<\/td><td>Transferencia de Resultados de la Investigaci\u00f3n<\/td><\/tr><tr><td>33<\/td><td>Santiago Juan Alba Serrano<\/td><td>Apoyo Tecnol\u00f3gico a la Docencia<\/td><\/tr><tr><td>34<\/td><td>Mar\u00eda Visitaci\u00f3n Jacinto Hernandez<\/td><td>Centro Experimentaci\u00f3n y Comportamiento Animal<\/td><\/tr><tr><td>35<\/td><td>Francisco David Conejo M\u00e1rquez<\/td><td>Comunicaciones<\/td><\/tr><tr><td>36<\/td><td>Silvia Rodr\u00edguez Garc\u00eda de Quir\u00f3s<\/td><td>Centro Internacional de Espa\u00f1ol<\/td><\/tr><tr><td>37<\/td><td>Jos\u00e9 Antonio D\u00edaz Romero<\/td><td>Deporte Universitario<\/td><\/tr><tr><td>38<\/td><td>Susana Hermoso Astorga<\/td><td>Empleabilidad y Emprendimiento<\/td><\/tr><tr><td>39<\/td><td>ANTONIO RAFAEL GODINO TORO<\/td><td>APOYO TECNOL\u00d3GICO A LA DOCENCIA<\/td><\/tr><tr><td>40<\/td><td>Ana Mu\u00d1iz Fern\u00e1ndez<\/td><td>Empleabilidad y Emprendimiento<\/td><\/tr><tr><td>41<\/td><td>Carlos Jim\u00e9nez Moreno<\/td><td>Apoyo Tecnol\u00f3gico a la Docencia<\/td><\/tr><tr><td>42<\/td><td>Ana Mar\u00eda S\u00e1nchez T\u00e9var<\/td><td>Laboratorios de Departamentos<\/td><\/tr><tr><td>43<\/td><td>Jo\u015be Caro Molina<\/td><td>Apoyo Tecnol\u00f3gico a la Docencia<\/td><\/tr><tr><td>44<\/td><td>Juan Ram\u00f3n Sendra Almendros<\/td><td>Construcci\u00f3n y Conservaci\u00f3n<\/td><\/tr><tr><td>45<\/td><td>Mulud Bey Hamed-Bachir<\/td><td>Construcci\u00f3n y Conservaci\u00f3n<\/td><\/tr><tr><td>46<\/td><td>MAR\u00cdA DOMECH JIM\u00c9NEZ<\/td><td>ESCUELA INFANTIL<\/td><\/tr><tr><td>47<\/td><td>Juan Jos\u00e9 Sol\u00eds Cort\u00e9s<\/td><td>Comunicaciones<\/td><\/tr><\/tbody><\/table><figcaption class=\"wp-element-caption\">Candidatura del Colegio 2<\/figcaption><\/figure>\n<\/div><\/div>\n<\/div><\/div>\n","protected":false},"excerpt":{"rendered":"<p>Desde SITUMA queremos presentarte nuestra lista para el Comit\u00e9 de Empresa del PTGAS Laboral, compuesta por compa\u00f1eras y compa\u00f1eros de personal t\u00e9cnico, de gesti\u00f3n<\/p>\n","protected":false},"author":3,"featured_media":6494,"parent":0,"menu_order":0,"comment_status":"open","ping_status":"closed","template":"","meta":[],"jetpack_sharing_enabled":true,"jetpack_likes_enabled":true,"_links":{"self":[{"href":"https:\/\/www.situma.es\/index.php?rest_route=\/wp\/v2\/pages\/6435"}],"collection":[{"href":"https:\/\/www.situma.es\/index.php?rest_route=\/wp\/v2\/pages"}],"about":[{"href":"https:\/\/www.situma.es\/index.php?rest_route=\/wp\/v2\/types\/page"}],"author":[{"embeddable":true,"href":"https:\/\/www.situma.es\/index.php?rest_route=\/wp\/v2\/users\/3"}],"replies":[{"embeddable":true,"href":"https:\/\/www.situma.es\/index.php?rest_route=%2Fwp%2Fv2%2Fcomments&post=6435"}],"version-history":[{"count":25,"href":"https:\/\/www.situma.es\/index.php?rest_route=\/wp\/v2\/pages\/6435\/revisions"}],"predecessor-version":[{"id":6508,"href":"https:\/\/www.situma.es\/index.php?rest_route=\/wp\/v2\/pages\/6435\/revisions\/6508"}],"wp:featuredmedia":[{"embeddable":true,"href":"https:\/\/www.situma.es\/index.php?rest_route=\/wp\/v2\/media\/6494"}],"wp:attachment":[{"href":"https:\/\/www.situma.es\/index.php?rest_route=%2Fwp%2Fv2%2Fmedia&parent=6435"}],"curies":[{"name":"wp","href":"https:\/\/api.w.org\/{rel}","templated":true}]}}